der when 906 is divided by 47?
13
Calculate the remainder when 164771 is divided by 398.
397
Calculate the remainder when 55921 is divided by 22.
19
What is the remainder when 4291 is divided by 2142?
7
Calculate the remainder when 50917 is divided by 8393.
559
What is the remainder when 2999 is divided by 742?
31
Calculate the remainder when 3260 is divided by 1507.
246
Calculate the remainder when 5213 is divided by 1299.
17
Calculate the remainder when 698400 is divided by 367.
366
Calculate the remainder when 3039 is divided by 445.
369
Calculate the remainder when 102633 is divided by 2631.
24
Calculate the remainder when 2287242 is divided by 2085.
2082
Calculate the remainder when 13785 is divided by 21.
9
Calculate the remainder when 163234 is divided by 954.
100
What is the remainder when 475486 is divided by 62?
8
Calculate the remainder when 639 is divided by 313.
13
Calculate the remainder when 162432 is divided by 98.
46
Calculate the remainder when 95573 is divided by 323.
288
Calculate the remainder when 33928 is divided by 154.
48
What is the remainder when 1361 is divided by 689?
672
Calculate the remainder when 4068 is divided by 187.
141
What is the remainder when 930 is divided by 882?
48
Calculate the remainder when 1078 is divided by 346.
40
Calculate the remainder when 25863 is divided by 40.
23
What is the remainder when 238867 is divided by 121?
13
What is the remainder when 39512 is divided by 9?
2
Calculate the remainder when 36760 is divided by 90.
40
What is the remainder when 4654 is divided by 537?
358
Calculate the remainder when 7983 is divided by 33.
30
What is the remainder when 38829 is divided by 48?
45
Calculate the remainder when 7197 is divided by 9.
6
Calculate the remainder when 30782 is divided by 15284.
214
What is the remainder when 20512 is divided by 27?
19
What is the remainder when 144521 is divided by 48173?
2
Calculate the remainder when 1674215 is divided by 51.
38
What is the remainder when 554257 is divided by 518?
515
What is the remainder when 27095 is divided by 846?
23
Calculate the remainder when 820 is divided by 83.
73
What is the remainder when 1382 is divided by 154?
150
What is the remainder when 4164 is divided by 1386?
6
What is the remainder when 3700 is divided by 1058?
526
What is the remainder when 4487 is divided by 4449?
38
What is the remainder when 650901 is divided by 133?
132
What is the remainder when 73977 is divided by 949?
904
What is the remainder when 24751 is divided by 89?
9
What is the remainder when 9984 is divided by 435?
414
Calculate the remainder when 87081 is divided by 7251.
69
Calculate the remainder when 649286 is divided by 5797.
22
What is the remainder when 32263 is divided by 826?
49
Calculate the remainder when 5410 is divided by 299.
28
What is the remainder when 660020 is divided by 53?
11
Calculate the remainder when 20171 is divided by 43.
4
Calculate the remainder when 2281 is divided by 2123.
158
What is the remainder when 1467 is divided by 116?
75
What is the remainder when 134455 is divided by 129?
37
What is the remainder when 246008 is divided by 1464?
56
What is the remainder when 496062 is divided by 70865?
7
Calculate the remainder when 214443 is divided by 126.
117
What is the remainder when 220292 is divided by 458?
452
What is the remainder when 2285 is divided by 2249?
36
What is the remainder when 3350 is divided by 566?
520
Calculate the remainder when 3502 is divided by 1726.
50
Calculate the remainder when 3337501 is divided by 2362.
2357
What is the remainder when 64134 is divided by 505?
504
What is the remainder when 8885 is divided by 204?
113
What is the remainder when 15807 is divided by 5259?
30
What is the remainder when 54648 is divided by 2876?
4
What is the remainder when 444 is divided by 16?
12
What is the remainder when 122981 is divided by 91?
40
Calculate the remainder when 1955195 is divided by 611.
606
What is the remainder when 22558 is divided by 7?
4
What is the remainder when 22834 is divided by 98?
0
What is the remainder when 48741 is divided by 855?
6
Calculate the remainder when 47401 is divided by 11849.
5
What is the remainder when 18218 is divided by 42?
32
Calculate the remainder when 17365 is divided by 38.
37
What is the remainder when 11060 is divided by 277?
257
Calculate the remainder when 182729 is divided by 17.
13
What is the remainder when 10840 is divided by 46?
30
What is the remainder when 48403 is divided by 266?
257
What is the remainder when 348203 is divided by 174092?
19
Calculate the remainder when 34216 is divided by 685.
651
Calculate the remainder when 15435 is divided by 703.
672
Calculate the remainder when 8256 is divided by 828.
804
Calculate the remainder when 7030349 is divided by 510.
509
What is the remainder when 8165 is divided by 1626?
35
What is the remainder when 4013 is divided by 346?
207
What is the remainder when 6409 is divided by 130?
39
What is the remainder when 3029 is divided by 2858?
171
Calculate the remainder when 12163 is divided by 338.
333
Calculate the remainder when 1520 is divided by 323.
228
Calculate the remainder when 12339 is divided by 66.
63
What is the remainder when 994572 is divided by 1480?
12
What is the remainder when 776 is divided by 246?
38
Calculate the remainder when 69137 is divided by 11521.
11
What is the remainder when 182972 is divided by 251?
244
What is the remainder when 5704 is divided by 111?
43
Calculate the remainder when 7289742 is divided by 2081.
2080
What is the remainder when 351556 is divided by 18?
16
What is the remainder when 2362 is divided by 2303?
59
What is the remainder when 88268 is divided by 1177?
1170
What is the remainder when 21881 is divided by 398?
389
What is the remainder when 960080 is divided by 41?
24
Calculate the remainder when 85552 is divided by 194.
192
Calculate the remainder when 119461 is divided by 39818.
7
What is the remainder when 10111 is divided by 12?
7
Calculate the remainder when 2172 is divided by 90.
12
What is the remainder when 2975 is divided by 447?
293
What is the remainder when 233441 is divided by 28?
5
Calculate the remainder when 16526 is divided by 248.
158
What is the remainder when 118631 is divided by 659?
11
What is the remainder when 2227 is divided by 372?
367
What is the remainder when 4386 is divided by 272?
34
Calculate the remainder when 1663 is divided by 83.
3
Calculate the remainder when 1157 is divided by 143.
13
What is the remainder when 7980 is divided by 534?
504
Calculate the remainder when 5256 is divided by 143.
108
Calculate the remainder when 64972 is divided by 448.
12
What is the remainder when 2610 is divided by 88?
58
Calculate the remainder when 1788 is divided by 600.
588
Calculate the remainder when 9449 is divided by 35.
34
Calculate the remainder when 203913 is divided by 18.
9
What is the remainder when 36093 is divided by 12031?
0
Calculate the remainder when 11861 is divided by 5882.
97
What is the remainder when 60201 is divided by 17?
4
Calculate the remainder when 22446 is divided by 101.
24
What is the remainder when 1487322 is divided by 175?
172
What is the remainder when 1498 is divided by 90?
58
What is the remainder when 29412 is divided by 1835?
52
Calculate the remainder when 34761 is divided by 62.
41
What is the remainder when 43646 is divided by 6234?
8
Calculate the remainder when 7210475 is divided by 403.
402
What is the remainder when 5591 is divided by 193?
187
What is the remainder when 46077 is divided by 8?
5
Calculate the remainder when 162499 is divided by 250.
249
Calculate the remainder when 23598 is divided by 937.
173
What is the remainder when 508379 is divided by 254188?
3
Calculate the remainder when 55648 is divided by 606.
502
Calculate the remainder when 367200 is divided by 66.
42
What is the remainder when 6172 is divided by 707?
516
Calculate the remainder when 8149 is divided by 8114.
35
Calculate the remainder when 110470 is divided by 526.
10
Calculate the remainder when 31948 is divided by 15965.
18
What is the remainder when 136976 is divided by 25?
1
Calculate the remainder when 16241 is divided by 37.
35
What is the remainder when 637945 is divided by 1657?
0
Calculate the rema